actors of v?
2
Let v = -1 - 2. List the prime factors of 5 + v - (-14 - -1).
3, 5
Let s(j) = -2*j**2 + 21*j + 7. Let z(h) = -h**2 + 11*h + 3. Let a(o) = -3*s(o) + 5*z(o). What are the prime factors of a(9)?
3
Let i(k) = -25*k + 2. Let r(u) = 17*u - 1. Let w(p) = -5*i(p) - 7*r(p). List the prime factors of w(2).
3
Suppose 7*p = 11*p - 420. List the prime factors of p.
3, 5, 7
Let x = 195 + -61. What are the prime factors of x?
2, 67
Suppose 5*o + 5 = -3*k, -3*o - 2*o - k + 5 = 0. List the prime factors of 1 - 3 - (-16 + o).
2, 3
Let x(j) = j**3 + j. Let d be x(0). Suppose -4*h = -4*y - 60, 5*y - 20 = -d*y. What are the prime factors of h?
19
Suppose 4*i + 24 = 4*q, -4*i = 5*q - 0 - 3. Suppose 4 = q*n - 2*p - 6, n - 6 = 2*p. Suppose 10 = n*u - 14. What are the prime factors of u?
2, 3
Let r(w) = w**3 + 7*w**2 + 2. List the prime factors of r(-7).
2
Suppose -5*b - 4*m + 399 = 0, b + 5*m - 23 - 61 = 0. List the prime factors of b.
79
Suppose 4*o + 3*q - 176 = 0, -8 = -q + 3*q. What are the prime factors of o?
47
Let g = -22 - -14. Let q(m) = m**3 + 9*m**2 + 5*m + 7. What are the prime factors of q(g)?
31
Suppose -5*p + 944 = 239. What are the prime factors of p?
3, 47
Let l(q) = 2*q + 2. Let h be l(10). Suppose 0 = -n + 3*j - 1, -4*j - h = n - 4*n. List the prime factors of n.
2, 7
Let f = -5 - -7. Suppose -3*w + f = -10. Suppose -w*c = -0*c - 12. List the prime factors of c.
3
Suppose 4*c - 5*t = -2*t + 44, -2*c + 4*t = -12. Suppose -2*j + 8 = -2*k, -k - 3*j = -0*k - 12. Let w = k + c. What are the prime factors of w?
2, 7
Let a be (2/(-3))/((-5)/(-30)). What are the prime factors of (a/6 + 2)*9?
2, 3
Suppose 0 = 3*u - 3, -3*h + u + 138 + 38 = 0. Suppose -63 - h = -3*g + 2*c, 2*g = c + 81. What are the prime factors of g?
2, 5
What are the prime factors of 6/8 - (-1 - 183/12)?
17
Suppose 4*k - 3*k - 7 = 0. Suppose -3*i = -6, -k - 20 = -5*v - i. What are the prime factors of v?
5
Let r(m) = -m**2 + 13*m - 3. List the prime factors of r(9).
3, 11
Suppose 0 = -2*z + 13 + 27. What are the prime factors of z?
2, 5
Let z = 7 + -4. Suppose 0 = -3*h + z + 3. Let q = 1 + h. List the prime factors of q.
3
Let i = 418 + -245. What are the prime factors of i?
173
Suppose -4*h + 8 + 16 = 0. Suppose -5*o + 4*o = -h. Let w = o - 2. What are the prime factors of w?
2
List the prime factors of 3/(-4) - 120/(-32).
3
List the prime factors of 27/3*(-1 + 2).
3
Let l = 5 - -3. Suppose -70 - l = -3*g. What are the prime factors of g?
2, 13
Let g = 3 - 9. Let s be 0 + (-2 + 14)/3. What are the prime factors of (s/g)/(1/(-3))?
2
Let a(r) = r**3 - 5*r**2 - 4*r + 3. Let v be a(6). Suppose -1 + v = j. What are the prime factors of j?
2, 7
Suppose 43 = p - 3*f + 7, p = -4*f + 15. Let x = 44 - p. List the prime factors of x.
17
Suppose 2*m = 2*o - m - 134, -142 = -2*o + 5*m. What are the prime factors of o?
61
Let l = 24 + -24. Let k = 65 - 20. Suppose 2*a - 5*r = 18, 5*a + 2*r = -l*a + k. What are the prime factors of a?
3
List the prime factors of (-6)/(-4)*442/51.
13
Let x be 0/(-2) - 0 - -2. Let s(r) = 6*r**3 - 4*r**2 + 2*r. Let t be s(x). Suppose t = 2*h - 3*y, 0 = 3*h + 2*y - 26 - 2. What are the prime factors of h?
2, 3
Let s(l) = 2*l**2 - l - 1. Let z be s(-1). Suppose -3*d + z*q = -40, -d - d - 4*q = 0. What are the prime factors of d?
2, 5
Let r(v) = 5*v**2 + v - 4. What are the prime factors of r(-3)?
2, 19
Suppose -3*u + 64 = -137. What are the prime factors of u?
67
List the prime factors of 18/(-81) + 1066/18.
59
Suppose 0 = -9*o + 4*o, o + 120 = r. List the prime factors of 3 - (-11)/(44/r).
3, 11
Suppose -11 = 3*k + 16. Let o = 14 + k. What are the prime factors of o?
5
Let z be (-6)/(-42) + 176/(-7). Let t = -7 - z. List the prime factors of t.
2, 3
Let w(k) = -k**3 + 7*k**2 + 6*k + 1. What are the prime factors of w(7)?
43
Let c(b) = 7*b - 6. List the prime factors of c(9).
3, 19
Suppose -4*s + 16 = 4*o, -2*o - 5 = -5*s + 1. List the prime factors of o.
2
Suppose -y + 47 = 12. List the prime factors of y.
5, 7
Suppose -2*m + 0 = 4. Let j = m + 2. Suppose 0*t - 3*t + 12 = j. List the prime factors of t.
2
Let g = 369 - 139. What are the prime factors of g?
2, 5, 23
Let o be 2 - 0 - 1*2. Suppose -2*l + 4*p + 2 = o, 5*l = 2*p - 0 + 29. What are the prime factors of l?
7
Suppose -5*w + 3*b + 483 = -b, 5*w = -3*b + 469. Let d = w + -62. List the prime factors of d.
3, 11
Suppose 4*o + v = 770, -4*o - 201 = -5*o + 4*v. What are the prime factors of o?
193
Suppose -8*j - 24 = -11*j. What are the prime factors of j?
2
Let h = -25 - -38. List the prime factors of h.
13
Let l(p) = 19*p + 13. Let h(r) = 20*r + 14. Let o(t) = 3*h(t) - 4*l(t). Let s(z) = z + 1. Let q(v) = o(v) + 12*s(v). List the prime factors of q(-2).
2, 5
Let s = -38 + 68. Suppose 0 = c + 5*g + 23, -5*c = -3*g - g - s. Suppose 2*h = -5*d + 64, 4*d = 3*d - c*h + 16. What are the prime factors of d?
2, 3
Let w(j) = -j - 5. Let f(h) = 2*h + 6. Let n(d) = -2*f(d) - 3*w(d). Let y be n(3). Suppose 2*p + 6 = -3*q + 38, -2*p + 8 = y. List the prime factors of q.
2
Let t(p) = 50*p**2 + p - 2. Let c be t(1). Let u = 3 + c. List the prime factors of u.
2, 13
Let j(o) = o + 7. Let x(q) = -q + 1. Let m(c) = j(c) - 6*x(c). What are the prime factors of m(2)?
3, 5
Let b(h) = -h + 3. Let c(z) = -1. Let a(q) = -b(q) - 5*c(q). Let g be a(3). Suppose 8 - 33 = -g*p. What are the prime factors of p?
5
Let b(a) = -a**3 + 23. Let d be b(0). Let s = -14 + d. What are the prime factors of s?
3
Suppose -4*f = -p - 8, p - 5*f + 8 + 3 = 0. What are the prime factors of 81/6*(p - 2)?
3
What are the prime factors of (-35 + -3)/((-3)/(-3) + -2)?
2, 19
Suppose g + 13 = 2*g - 2*m, 3*g - 11 = -m. Suppose 2*p + 3*q = -3, p + 2*p + q = -1. Suppose p = 3*j - g*j + 12. What are the prime factors of j?
2, 3
List the prime factors of 104*(-3)/(-6)*12/4.
2, 3, 13
Suppose -6 = 2*c + c, 4*c = -2*v - 60. Let p = -14 - v. What are the prime factors of p?
2, 3
Let p(w) = 2*w**2 - 8*w + 4. Let f be p(5). Let m(q) = -2 + f*q - 6*q - q**2 + q. List the prime factors of m(7).
2, 3
Suppose 2*v + 74 = 3*p, 3*v = -2*p - 0*p + 32. Suppose p = r + 7. List the prime factors of r.
3, 5
Let p(c) = 29*c - 19*c + 8*c**2 - 4 - 3*c**3 + 5 + 2*c**3. Suppose 18 = -l + 3*l. List the prime factors of p(l).
2, 5
List the prime factors of (8 + 212)*(-8)/(-10).
2, 11
Let p(g) = 11*g - 2. List the prime factors of p(2).
2, 5
Suppose 4*z - 5*f = 32, z + 0*f - 5*f = 8. Let t be z/(-20) - 702/(-5). List the prime factors of t/12 - (-2)/6.
2, 3
Suppose 0 = -m - 5. Let s = -7 - m. List the prime factors of (-15)/10 - 39/s.
2, 3
Suppose -11 = -2*f - 5*c, 4 + 4 = 3*f - c. Let v be -2 + 1 - 0/1. Let r = v + f. List the prime factors of r.
2
Suppose -17 = -2*b + 109. Let m = -31 + b. What are the prime factors of m?
2
Let d(c) = -2*c + 61. What are the prime factors of d(0)?
61
Suppose -10 = -2*j - 2. Suppose 3*f - j*f = 4*u - 49, 0 = 3*u - 4*f - 13. List the prime factors of u.
11
Suppose 0*b = -2*b + 30. What are the prime factors of b?
3, 5
Let q(t) = -t + 14. Let m be q(6). Suppose -m + 0 = -4*g. Suppose -3*a + g = -2*a. List the prime factors of a.
2
Let m = 92 + -85. What are the prime factors of m?
7
Let t = -2 + -6. Let j be ((-38)/(-3))/(t/(-12)). Let c = j + -7. List the prime factors of c.
2, 3
Suppose 69 + 51 = 5*m. Suppose 0 = 4*w + 4 - m. Suppose -21 = w*q + 4*j - 62, 5*q = 4*j + 49. List the prime factors of q.
3
Let q(r) = -41*r**3 + 2*r**2 + r + 1. List the prime factors of q(-1).
43
List the prime factors of (74/6)/((-2)/(-6)).
37
Let k be 4 - (1 + 5) - -6. Suppose -32 - 16 = -k*j. List the prime factors of j.
2, 3
Let y be (-2)/4 - 10/(-4). Let g(b) = -b**3 + 8*b**2 + 11*b - 10. Let w be g(9). Suppose y*r - 20 = -w. List the prime factors of r.
2, 3
Let y be (-3 + 1)/(7/28). Let a(j) = -4 - 1 + 7*j + 2 - 7*j**2 + 0*j**3 - j**3. List the prime factors of a(y).
5
Let s(k) = -k**2 + 2*k + 1. Let l be s(3). Let n = l + 10. What are the prime factors of n?
2
Suppose 106 = -5*v + 36. Let n = 22 + v. What are the prime factors of n?
2
Suppose -2*j = -6*j + 8. Suppose -j*s + 0*s = 14. What are the prime factors of (-7)/s - (0 - 5)?
2, 3
Let q(g) = -g**3 - 5*g**2 + 3*g + 5. What are the prime factors of q(-6)?
23
Suppose 0 = 6*s - 376 - 332. What are the prime fa